base 4) to base 7
2655161
Convert -457630 (base 10) to base 2.
-1101111101110011110
What is -1013302332 (base 4) in base 12?
-122226
What is 20123230301 (base 4) in base 5?
1031214414
Convert 11111111010000000011 (base 2) to base 4.
3333100003
What is bc5b (base 13) in base 8?
63237
Convert -33154427 (base 8) to base 3.
-111102102021100
Convert 1747635 (base 10) to base 3.
10021210022020
-301434242 (base 6) to base 10
-5121458
Convert -2be247 (base 16) to base 5.
-1214012400
Convert -78fc (base 16) to base 11.
-212a7
-273b9 (base 13) to base 14
-1c93a
What is 423cb7 (base 13) in base 7?
16120023
What is -2112121100 (base 3) in base 8?
-141535
Convert -4826334 (base 11) to base 10.
-8412320
What is 3a623a (base 13) in base 11?
885719
Convert 5db1ec (base 16) to base 5.
3032443041
What is -1553331 (base 7) in base 12?
-a4433
212030431 (base 6) to base 13
a0a986
3397308 (base 11) to base 16
5aa05d
-1590095 (base 10) to base 13
-4389b0
Convert 43e70 (base 15) to base 13.
77352
What is -45380 (base 10) in base 3?
-2022020202
-5cb4 (base 13) to base 7
-53240
Convert 1304660 (base 8) to base 2.
1011000100110110000
-3313168 (base 9) to base 11
-1006680
What is 2488a56 (base 11) in base 8?
20356325
1123402522 (base 6) to base 10
12488882
What is 282566 (base 9) in base 6?
3410353
197758 (base 10) to base 13
6c022
What is 242252 (base 8) in base 2?
10100010010101010
What is 23162363 (base 8) in base 2?
10011001110010011110011
-31004142 (base 5) to base 16
-3d2b3
110100000110000111110 (base 2) to base 14
326178
What is -63a666 (base 12) in base 5?
-400322142
What is -1b7c180 (base 13) in base 2?
-100010110110110110111100
Convert -76041 (base 10) to base 5.
-4413131
What is 103302413 (base 5) in base 12?
196995
100101010110110011001011 (base 2) to base 5
10001331330
-101010020103 (base 4) to base 7
-53010606
Convert 5511502 (base 6) to base 15.
5621e
Convert -2726b6 (base 13) to base 16.
-e7766
351498 (base 11) to base 3
1001100211001
Convert -75e5e (base 15) to base 3.
-201000200222
-233102323 (base 4) to base 3
-100211201221
-121100012100002 (base 3) to base 14
-1220a85
What is -3221420341 (base 5) in base 3?
-110211210222122
9a458 (base 11) to base 6
3042110
2eb524 (base 15) to base 9
4233057
-251588 (base 16) to base 5
-1110232334
What is 143442140 (base 5) in base 15?
101b4a
140454 (base 6) to base 3
200000121
-7210 (base 16) to base 7
-151063
Convert 608110 (base 9) to base 8.
1277430
Convert 1b6217 (base 12) to base 2.
1110111000010110011
Convert 30243042 (base 6) to base 11.
539056
-2299c2 (base 13) to base 11
-510a4a
Convert 90366 (base 10) to base 11.
61991
-33130 (base 5) to base 12
-13aa
-585436 (base 10) to base 14
-1134cc
6897a (base 16) to base 13
11ccc8
402250144 (base 6) to base 9
13765271
-46c48 (base 13) to base 5
-13121024
What is 3a759a (base 12) in base 9?
1733161
What is 10012303010 (base 4) in base 16?
106cc4
What is -458667 (base 10) in base 13?
-130a01
Convert 26700364 (base 8) to base 2.
10110111000000011110100
Convert 157115 (base 10) to base 3.
21222112002
Convert 2a67 (base 12) to base 9.
6737
Convert 120020122 (base 3) to base 13.
509c
Convert -1322304 (base 7) to base 3.
-22211021200
What is 776543 (base 8) in base 9?
437607
What is -11401123144 (base 5) in base 9?
-27023417
Convert -388d6a (base 14) to base 4.
-13122330302
5100152 (base 6) to base 9
406675
What is 4580 (base 14) in base 10?
12068
Convert -3110411111 (base 5) to base 12.
-2159966
What is 3205a (base 11) in base 15?
dc50
Convert 11864811 (base 9) to base 13.
1291669
Convert 242223221 (base 6) to base 3.
22122020220011
Convert -189211 (base 11) to base 8.
-1067154
Convert -31c05a (base 14) to base 15.
-234366
What is 167095 (base 10) in base 12?
80847
What is -194441 (base 14) in base 10?
-895385
What is 1756a50 (base 13) in base 6?
430313134
Convert -562215 (base 9) to base 5.
-41224440
60136 (base 13) to base 15
35c8a
What is 1432773 (base 8) in base 14?
a849d
Convert -162530406 (base 7) to base 4.
-222011203131
102100211220122 (base 3) to base 13
13360b5
Convert 120131 (base 6) to base 4.
2202313
What is 302993 (base 11) in base 2?
1110110111001011110
a0a25b (base 14) to base 7
63644244
Convert 11112011000122 (base 3) to base 11.
13a23a0
Convert -905b17 (base 14) to base 16.
-4a19f9
What is 4040022 (base 5) in base 12?
31758
-3c2d3c (base 14) to base 4
-13330123322
Convert 35ab2 (base 12) to base 16.
11ae6
-371734 (base 9) to base 6
-4450521
4669387 (base 10) to base 14
897959
What is 5b858 (base 14) in base 6?
4444342
-22565624 (base 7) to base 11
-1134823
57f336 (base 16) to base 4
111333030312
What is -141032011 (base 5) in base 2?
-10101111111111110001
What is 20000222022012 (base 3) in base 16?
30f28d
-120120210101 (base 3) to base 4
-1022321011
2343194 (base 10) to base 5
1044440234
Convert -278434 (base 9) to base 5.
-20421322
Convert 25a75c (base 15) to base 12.
731a73
Convert 114918 (base 10) to base 3.
12211122020
Convert 1a4b1 (base 12) to base 15.
b71a
ada9 (base 14) to base 8
72671
-ac7413 (base 13) to base 2
-1111100010000100110101
What is -51365 (base 7) in base 9?
-18175
144634 (base 13) to base 11
309208
Convert -100958 (base 11) to base 15.
-330d8
95959 (base 16) to base 14
11d401
20010302 (base 4) to base 5
2024244
-1005dc (base 14) to base 9
-1011326
What is -13449042 (base 10) in base 15?
-12a9d7c
2eb7 (base 15) to base 8
23530
What is -320222033 (base 4) in base 2?
-111000101010001111
-333333132 (base 4) to base 11
-169a22
1ad9c (base 15) to base 3
11102221210
Convert -d7c2 (base 15) to base 5.
-2430012
-2252052 (base 6) to base 4
-130101200
Convert -48b79 (base 13) to base 2.
-100000101010010011
-13431217 (base 8) to base 15
-3ec0ee
-730234 (base 9) to base 10
-433219
Convert -36986 (base 13) to base 10.
-100496
Convert 5221637 (base 8) to base 7.
14526665
What is 516531 (base 10) in base 12?
20ab03
Convert -2012102230 (base 5) to base 6.
-222050441
122501204 (base 7) to base 16
75f9d1
Convert 6a64c (base 13) to base 7.
1436543
Convert 545505132 (base 6) to base 4.
211112122100
What is 28436c (base 13) in base 3?
1211210221022
Convert 452abd (base 16) to base 2.
10001010010101010111101
What is -11015442 (base 6) in base 11?
-205317
What is -425152354 (base 6) in base 5?
-3411321241
Convert -412de (base 15) to base 7.
-1520066
-15024533 (base 6) to base 4
-1332030021
-1c71e (base 16) to base 2
-11100011100011110
Convert -40114 (base 12) to base 16.
-144a0
Convert -4592f8 (base 16) to base 12.
-163a7b4
What is -1344413211 (base 5) in base 8?
-15316324
What is 1615673 (base 9) in base 2?
11011010110111101101
Convert -107101a (base 14) to base 13.
-1801b07
What is -101330213221 (base 4) in base 10?
-4704745
-111101001010011110010001 (base 2) to base 4
-331022132101
Convert 5523566 (base 8) to base 9.
2712514
Convert -13158c1 (base 13) to base 7.
-101562325
What is -3230343 (base 5) in base 7?
-316431
Convert 358713 (base 12) to base 2.
11010011001011111111
What is -4a087 (base 13) in base 6?
-2531045
1652102 (base 7) to base 15
487a8
636372 (base 8) to base 3
101210002221
Convert -39050 (base 13) to base 16.
-19c31
731653 (base 8) to base 12
b848b
1867451 (base 9) to base 15
15aab7
Convert 2a77b (base 15) to base 5.
13333231
Convert -2468c5 (base 15) to base 5.
-421242420
-120227 (base 9) to base 3
-10200020221
What is 2be15 (base 16) in base 4?
223320111
-aea49 (base 16) to base 2
-10101110101001001001
11634204 (base 8) to base 14
4aca20
Convert 1508699 (base 11) to base 13.
6c814b
-138631 (base 9) to base 8
-246126
Convert -1901d3 (base 15) to base 14.
-238d1d
-3133603 (base 11) to base 3
-101101200000122
-95338 (base 14) to base 10
-360102
41235443 (base 6) to base 15
186ae6
-35036 (base 13) to base 9
-156588
What is 76b3 (base 14) in base 5?
1124131
Convert -30232322131 (base 4) to base 2.
-1100101110111010011101
-213330222113 (base 4) to base 12
-361029b
Convert 96677 (base 12) to base 16.
3053b
What is -16768778 (base 9) in base 5?
-4124241134
What is -162cb7 (base 15) in base 16?
-105e6b
102302003 (base 4) to base 12
3862b
What is 2131152 (base 6) in base 10?
105260
What is -453126 (base 10) in base 8?
-1565006
Convert -26996 (base 14) to base 16.
-173d8
2b22 (base 13) to base 3
22121122
765a51 (base 12) to base 16
1ca19d
Wha